{"id":3,"date":"2020-07-13T17:11:49","date_gmt":"2020-07-13T15:11:49","guid":{"rendered":"http:\/\/y73i8axqnd.preview.infomaniak.website\/?page_id=3"},"modified":"2023-11-17T11:52:17","modified_gmt":"2023-11-17T10:52:17","slug":"datenschutzrichtlinie","status":"publish","type":"page","link":"https:\/\/esprit-cafe.ch\/de\/politique-de-confidentialite\/","title":{"rendered":"Datenschutzrichtlinie"},"content":{"rendered":"<div data-elementor-type=\"wp-page\" data-elementor-id=\"3\" class=\"elementor elementor-3\" data-elementor-post-type=\"page\">\n\t\t\t\t\t\t<section class=\"elementor-section elementor-top-section elementor-element elementor-element-303afcbd elementor-section-boxed elementor-section-height-default elementor-section-height-default\" data-id=\"303afcbd\" data-element_type=\"section\" data-e-type=\"section\">\n\t\t\t\t\t\t<div class=\"elementor-container elementor-column-gap-default\">\n\t\t\t\t\t<div class=\"elementor-column elementor-col-100 elementor-top-column elementor-element elementor-element-50ccf617\" data-id=\"50ccf617\" data-element_type=\"column\" data-e-type=\"column\">\n\t\t\t<div class=\"elementor-widget-wrap elementor-element-populated\">\n\t\t\t\t\t\t<div class=\"elementor-element elementor-element-17c8080 elementor-widget elementor-widget-text-editor\" data-id=\"17c8080\" data-element_type=\"widget\" data-e-type=\"widget\" data-widget_type=\"text-editor.default\">\n\t\t\t\t<div class=\"elementor-widget-container\">\n\t\t\t\t\t\t\t\t\t\n<h2 class=\"wp-block-heading\">Wer sind wir?<\/h2>\n\n<p>Willkommen auf der Website von Esprit Caf\u00e9, die unter folgender Adresse erreichbar ist <a href=\"https:\/\/esprit-cafe.ch\/de\/\" target=\"_new\">https:\/\/esprit-cafe.ch<\/a>. Wir sind ein Unternehmen mit Sitz in der Schweiz, das sich leidenschaftlich f\u00fcr die Bereitstellung von hochwertigen Kaffee- und Teeprodukten sowie Maschinen und Zubeh\u00f6r einsetzt.<\/p>\n\n<h2 class=\"wp-block-heading\">Verwendung der gesammelten pers\u00f6nlichen Daten<\/h2>\n\n<h3 class=\"wp-block-heading\">Kommentare<\/h3>\n\n<p>Wenn Sie einen Kommentar auf unserer Website hinterlassen, sammeln wir die Daten, die Sie im Kommentarformular angeben, sowie Ihre IP-Adresse und den User-Agent Ihres Browsers, um unerw\u00fcnschte Kommentare zu erkennen.<\/p>\n\n<h3 class=\"wp-block-heading\">Medien<\/h3>\n\n<p>Wenn Sie als registrierter Nutzer Bilder auf unsere Seite hochladen, vermeiden Sie bitte die Aufnahme von EXIF-Daten von GPS-Koordinaten, da Besucher der Seite diese Informationen extrahieren k\u00f6nnen.<\/p>\n\n<h3 class=\"wp-block-heading\">Kontaktformulare<\/h3>\n<p>Wenn Sie unsere Kontaktformulare verwenden, sammeln wir die Daten, die Sie mit uns teilen m\u00f6chten, um Ihre Anfragen zu beantworten.<\/p>\n\n<h3 class=\"wp-block-heading\">Cookies<\/h3>\n\n<p>Wenn Sie einen Kommentar abgeben, bieten wir Ihnen an, Ihren Namen, Ihre E-Mail-Adresse und Ihre Website zu Ihrer Bequemlichkeit in Cookies zu speichern. Diese Cookies laufen nach einem Jahr ab. Beim Anmelden wird au\u00dferdem ein tempor\u00e4res Cookie erstellt, um festzustellen, ob Ihr Browser Cookies akzeptiert, das keine personenbezogenen Daten enth\u00e4lt.<\/p>\n<p>Beim Anmelden verwenden wir Cookies, um Ihre Anmeldeinformationen und Bildschirmeinstellungen zu speichern. Diese Cookies haben eine Lebensdauer von zwei Tagen, w\u00e4hrend ein Cookie f\u00fcr die Bildschirmeinstellung ein Jahr lang h\u00e4lt. Wenn Sie \"An mich erinnern\" ausw\u00e4hlen, wird Ihr Anmelde-Cookie zwei Wochen lang gespeichert. Beim Bearbeiten oder Ver\u00f6ffentlichen eines Artikels wird ein zus\u00e4tzliches Cookie gespeichert, das keine personenbezogenen Daten enth\u00e4lt und nach einem Tag abl\u00e4uft.<\/p>\n\n<h3 class=\"wp-block-heading\">Von anderen Seiten eingebettete Inhalte<\/h3>\n\n<p>Die Artikel auf unserer Website k\u00f6nnen eingebettete Inhalte (Videos, Bilder, Artikel) von anderen Websites enthalten. Dieser Inhalt verh\u00e4lt sich genauso, als w\u00fcrde der Besucher diese Websites besuchen.<\/p>\n<p>Diese Drittanbieter-Websites k\u00f6nnen Daten sammeln, Cookies verwenden und Tracking-Tools von Drittanbietern integrieren, Ihre Interaktionen mit diesen eingebetteten Inhalten verfolgen, wenn Sie ein angemeldetes Konto auf deren Website haben.<\/p>\n\n<h3 class=\"wp-block-heading\">Statistiken und Audience Measurement<\/h3>\n<p>Wir verwenden Analysetools, um Statistiken zu sammeln und das Publikum unserer Website zu messen, damit wir die Benutzererfahrung st\u00e4ndig verbessern k\u00f6nnen.<\/p>\n\n<h2 class=\"wp-block-heading\">Verwendung und Weitergabe Ihrer pers\u00f6nlichen Daten<\/h2>\n\n<h3 class=\"wp-block-heading\">Dauer der Datenspeicherung<\/h3>\n\n<p>Wenn Sie einen Kommentar hinterlassen, werden der Kommentar und seine Metadaten auf unbestimmte Zeit gespeichert. Dadurch werden nachfolgende Kommentare automatisch erkannt und genehmigt, anstatt sie in der Moderationswarteschlange zu belassen.<\/p>\n\n<p>F\u00fcr Nutzerinnen und Nutzer, die sich auf unserer Website registrieren (sofern dies m\u00f6glich ist), speichern wir auch die in ihrem Profil angegebenen pers\u00f6nlichen Daten. Alle Nutzer\/innen k\u00f6nnen ihre pers\u00f6nlichen Informationen (mit Ausnahme ihres Benutzernamens) jederzeit einsehen, \u00e4ndern oder l\u00f6schen. Auch die Verwalter der Website k\u00f6nnen diese Informationen einsehen und \u00e4ndern.<\/p>\n\n<h3 class=\"wp-block-heading\">Die Rechte, die Sie \u00fcber Ihre Daten haben<\/h3>\n\n<p>Wenn Sie ein Benutzerkonto haben oder Kommentare auf der Website hinterlassen haben, k\u00f6nnen Sie eine Datei anfordern, die alle personenbezogenen Daten enth\u00e4lt, die wir \u00fcber Sie gespeichert haben, einschlie\u00dflich der Daten, die Sie uns zur Verf\u00fcgung gestellt haben. Sie k\u00f6nnen auch verlangen, dass die personenbezogenen Daten \u00fcber Sie gel\u00f6scht werden. Dies gilt nicht f\u00fcr Daten, die zu administrativen, rechtlichen oder Sicherheitszwecken gespeichert werden.<\/p>\n\n<h3 class=\"wp-block-heading\">\u00dcbermittlung Ihrer pers\u00f6nlichen Daten<\/h3>\n\n<p>Die Kommentare von Besuchern k\u00f6nnen mithilfe eines automatisierten Dienstes zur Erkennung unerw\u00fcnschter Kommentare \u00fcberpr\u00fcft werden.<\/p>\n\n<h2 class=\"wp-block-heading\">Kontaktinformationen<\/h2>\n<p>Wenn Sie Fragen zu unserer Datenschutzrichtlinie oder dazu haben, wie wir Ihre pers\u00f6nlichen Daten verarbeiten, kontaktieren Sie uns bitte unter der folgenden Adresse:<br \/><br \/><\/p>\n<ul>\n<li><span class=\"cmplz-contact-organisation\">Esprit Caf\u00e9 S\u00e0rl<\/span><\/li>\n<li><span class=\"cmplz-contact-address\">Faubourg du Lac 9<\/span><\/li>\n<li><span class=\"cmplz-contact-address\">2000 Neuch\u00e2tel<\/span><\/li>\n<li><span class=\"cmplz-contact-address\">CH-SCHWEIZ<br \/><br \/><\/span><\/li>\n<li>Website :\u00a0<span class=\"cmplz-contact-domain\"><a href=\"https:\/\/esprit-cafe.ch\/de\/\">https:\/\/esprit-cafe.ch<\/a><\/span><\/li>\n<li>E-Mail: info<span class=\"cmplz-contact-email\"><span class=\"cmplz-obfuscate\">@esprit-cafe.ch<\/span><\/span><\/li>\n<li><span class=\"cmplz-contact-telephone\">Telefon: +41 32 721 04 00<\/span><\/li>\n<\/ul>\n\n<h2 class=\"wp-block-heading\">Zus\u00e4tzliche Informationen<\/h2>\n\n<h3 class=\"wp-block-heading\">Wie wir Ihre Daten sch\u00fctzen<\/h3>\n<p>Wir legen gro\u00dfen Wert auf die Sicherheit Ihrer pers\u00f6nlichen Daten. Um die Vertraulichkeit und Integrit\u00e4t dieser Daten zu gew\u00e4hrleisten, haben wir angemessene Sicherheitsma\u00dfnahmen ergriffen, darunter Verschl\u00fcsselungsprotokolle und Firewalls.<\/p>\n\n<h3 class=\"wp-block-heading\">Umgesetzte Verfahren im Falle eines Datenlecks<\/h3>\n<p>Im Falle eines Datenlecks verpflichten wir uns, alle notwendigen Ma\u00dfnahmen zu ergreifen, um die Situation so schnell wie m\u00f6glich zu beheben. Dazu geh\u00f6ren die Ermittlung der Ursache des Datenlecks, die Benachrichtigung der zust\u00e4ndigen Beh\u00f6rden und eine transparente Kommunikation mit den betroffenen Personen.<\/p>\n\n<h3 class=\"wp-block-heading\">Drittdienste, die uns Daten \u00fcbermitteln<\/h3>\n<p>Wir tauschen oder verkaufen Ihre pers\u00f6nlichen Daten nicht zu kommerziellen Zwecken an Dritte. Es kann jedoch vorkommen, dass wir Dienste von Drittanbietern in Anspruch nehmen, um unsere Website zu verbessern, Daten zu analysieren oder Transaktionen zu erleichtern. Diese Drittanbieter sind verpflichtet, Ihre Daten vertraulich zu behandeln.<\/p>\n\n<h3 class=\"wp-block-heading\">Automatisiertes Marketing und\/oder Profiling, das mithilfe personenbezogener Daten durchgef\u00fchrt wird<\/h3>\n<p>Ohne Ihre ausdr\u00fcckliche Zustimmung f\u00fchren wir kein automatisiertes Marketing oder Profiling durch, das erhebliche Auswirkungen auf Sie haben k\u00f6nnte.<\/p>\n\n<h3 class=\"wp-block-heading\">Anzeige von Informationen im Zusammenhang mit Sektoren, die spezifischen Regulierungen unterliegen<\/h3>\n<p>Als Verk\u00e4ufer von Kaffee- und Teeprodukten halten wir uns an alle spezifischen Regulierungen, die in der Schweiz f\u00fcr unsere Branche gelten. Wir verpflichten uns, alle erforderlichen Informationen \u00fcber unsere Produkte bereitzustellen, einschlie\u00dflich der Inhaltsstoffe, der Herstellungsverfahren und etwaiger Zertifizierungen.<\/p>\n\t\t\t\t\t\t\t\t<\/div>\n\t\t\t\t<\/div>\n\t\t\t\t\t<\/div>\n\t\t<\/div>\n\t\t\t\t\t<\/div>\n\t\t<\/section>\n\t\t\t\t<\/div>","protected":false},"excerpt":{"rendered":"<p>Qui sommes-nous\u00a0? Bienvenue sur le site d&#8217;Esprit Caf\u00e9, accessible \u00e0 l&#8217;adresse https:\/\/esprit-cafe.ch. Nous sommes une entreprise bas\u00e9e en Suisse, passionn\u00e9e par la fourniture de produits de caf\u00e9 et de th\u00e9, ainsi que de machines et d&#8217;accessoires de qualit\u00e9. Utilisation des donn\u00e9es personnelles collect\u00e9es Commentaires Lorsque vous laissez un commentaire sur notre site web, nous collectons [&hellip;]<\/p>\n","protected":false},"author":1,"featured_media":0,"parent":0,"menu_order":0,"comment_status":"closed","ping_status":"closed","template":"","meta":{"inline_featured_image":false,"footnotes":""},"class_list":["post-3","page","type-page","status-publish","hentry"],"_links":{"self":[{"href":"https:\/\/esprit-cafe.ch\/de\/wp-json\/wp\/v2\/pages\/3","targetHints":{"allow":["GET"]}}],"collection":[{"href":"https:\/\/esprit-cafe.ch\/de\/wp-json\/wp\/v2\/pages"}],"about":[{"href":"https:\/\/esprit-cafe.ch\/de\/wp-json\/wp\/v2\/types\/page"}],"author":[{"embeddable":true,"href":"https:\/\/esprit-cafe.ch\/de\/wp-json\/wp\/v2\/users\/1"}],"replies":[{"embeddable":true,"href":"https:\/\/esprit-cafe.ch\/de\/wp-json\/wp\/v2\/comments?post=3"}],"version-history":[{"count":0,"href":"https:\/\/esprit-cafe.ch\/de\/wp-json\/wp\/v2\/pages\/3\/revisions"}],"wp:attachment":[{"href":"https:\/\/esprit-cafe.ch\/de\/wp-json\/wp\/v2\/media?parent=3"}],"curies":[{"name":"wp","href":"https:\/\/api.w.org\/{rel}","templated":true}]}}

<div data-elementor-type="wp-page" data-elementor-id="3" class="elementor elementor-3" data-elementor-post-type="page">
						<section class="elementor-section elementor-top-section elementor-element elementor-element-303afcbd elementor-section-boxed elementor-section-height-default elementor-section-height-default" data-id="303afcbd" data-element_type="section" data-e-type="section">
						<div class="elementor-container elementor-column-gap-default">
					<div class="elementor-column elementor-col-100 elementor-top-column elementor-element elementor-element-50ccf617" data-id="50ccf617" data-element_type="column" data-e-type="column">
			<div class="elementor-widget-wrap elementor-element-populated">
						<div class="elementor-element elementor-element-17c8080 elementor-widget elementor-widget-text-editor" data-id="17c8080" data-element_type="widget" data-e-type="widget" data-widget_type="text-editor.default">
				<div class="elementor-widget-container">
									
<h2 class="wp-block-heading">Wer sind wir?</h2>

<p>Willkommen auf der Website von Esprit Café, die unter folgender Adresse erreichbar ist <a href="https://esprit-cafe.ch/de/" target="_new">https://esprit-cafe.ch</a>. Wir sind ein Unternehmen mit Sitz in der Schweiz, das sich leidenschaftlich für die Bereitstellung von hochwertigen Kaffee- und Teeprodukten sowie Maschinen und Zubehör einsetzt.</p>

<h2 class="wp-block-heading">Verwendung der gesammelten persönlichen Daten</h2>

<h3 class="wp-block-heading">Kommentare</h3>

<p>Wenn Sie einen Kommentar auf unserer Website hinterlassen, sammeln wir die Daten, die Sie im Kommentarformular angeben, sowie Ihre IP-Adresse und den User-Agent Ihres Browsers, um unerwünschte Kommentare zu erkennen.</p>

<h3 class="wp-block-heading">Medien</h3>

<p>Wenn Sie als registrierter Nutzer Bilder auf unsere Seite hochladen, vermeiden Sie bitte die Aufnahme von EXIF-Daten von GPS-Koordinaten, da Besucher der Seite diese Informationen extrahieren können.</p>

<h3 class="wp-block-heading">Kontaktformulare</h3>
<p>Wenn Sie unsere Kontaktformulare verwenden, sammeln wir die Daten, die Sie mit uns teilen möchten, um Ihre Anfragen zu beantworten.</p>

<h3 class="wp-block-heading">Cookies</h3>

<p>Wenn Sie einen Kommentar abgeben, bieten wir Ihnen an, Ihren Namen, Ihre E-Mail-Adresse und Ihre Website zu Ihrer Bequemlichkeit in Cookies zu speichern. Diese Cookies laufen nach einem Jahr ab. Beim Anmelden wird außerdem ein temporäres Cookie erstellt, um festzustellen, ob Ihr Browser Cookies akzeptiert, das keine personenbezogenen Daten enthält.</p>
<p>Beim Anmelden verwenden wir Cookies, um Ihre Anmeldeinformationen und Bildschirmeinstellungen zu speichern. Diese Cookies haben eine Lebensdauer von zwei Tagen, während ein Cookie für die Bildschirmeinstellung ein Jahr lang hält. Wenn Sie "An mich erinnern" auswählen, wird Ihr Anmelde-Cookie zwei Wochen lang gespeichert. Beim Bearbeiten oder Veröffentlichen eines Artikels wird ein zusätzliches Cookie gespeichert, das keine personenbezogenen Daten enthält und nach einem Tag abläuft.</p>

<h3 class="wp-block-heading">Von anderen Seiten eingebettete Inhalte</h3>

<p>Die Artikel auf unserer Website können eingebettete Inhalte (Videos, Bilder, Artikel) von anderen Websites enthalten. Dieser Inhalt verhält sich genauso, als würde der Besucher diese Websites besuchen.</p>
<p>Diese Drittanbieter-Websites können Daten sammeln, Cookies verwenden und Tracking-Tools von Drittanbietern integrieren, Ihre Interaktionen mit diesen eingebetteten Inhalten verfolgen, wenn Sie ein angemeldetes Konto auf deren Website haben.</p>

<h3 class="wp-block-heading">Statistiken und Audience Measurement</h3>
<p>Wir verwenden Analysetools, um Statistiken zu sammeln und das Publikum unserer Website zu messen, damit wir die Benutzererfahrung ständig verbessern können.</p>

<h2 class="wp-block-heading">Verwendung und Weitergabe Ihrer persönlichen Daten</h2>

<h3 class="wp-block-heading">Dauer der Datenspeicherung</h3>

<p>Wenn Sie einen Kommentar hinterlassen, werden der Kommentar und seine Metadaten auf unbestimmte Zeit gespeichert. Dadurch werden nachfolgende Kommentare automatisch erkannt und genehmigt, anstatt sie in der Moderationswarteschlange zu belassen.</p>

<p>Für Nutzerinnen und Nutzer, die sich auf unserer Website registrieren (sofern dies möglich ist), speichern wir auch die in ihrem Profil angegebenen persönlichen Daten. Alle Nutzer/innen können ihre persönlichen Informationen (mit Ausnahme ihres Benutzernamens) jederzeit einsehen, ändern oder löschen. Auch die Verwalter der Website können diese Informationen einsehen und ändern.</p>

<h3 class="wp-block-heading">Die Rechte, die Sie über Ihre Daten haben</h3>

<p>Wenn Sie ein Benutzerkonto haben oder Kommentare auf der Website hinterlassen haben, können Sie eine Datei anfordern, die alle personenbezogenen Daten enthält, die wir über Sie gespeichert haben, einschließlich der Daten, die Sie uns zur Verfügung gestellt haben. Sie können auch verlangen, dass die personenbezogenen Daten über Sie gelöscht werden. Dies gilt nicht für Daten, die zu administrativen, rechtlichen oder Sicherheitszwecken gespeichert werden.</p>

<h3 class="wp-block-heading">Übermittlung Ihrer persönlichen Daten</h3>

<p>Die Kommentare von Besuchern können mithilfe eines automatisierten Dienstes zur Erkennung unerwünschter Kommentare überprüft werden.</p>

<h2 class="wp-block-heading">Kontaktinformationen</h2>
<p>Wenn Sie Fragen zu unserer Datenschutzrichtlinie oder dazu haben, wie wir Ihre persönlichen Daten verarbeiten, kontaktieren Sie uns bitte unter der folgenden Adresse:<br /><br /></p>
<ul>
<li><span class="cmplz-contact-organisation">Esprit Café Sàrl</span></li>
<li><span class="cmplz-contact-address">Faubourg du Lac 9</span></li>
<li><span class="cmplz-contact-address">2000 Neuchâtel</span></li>
<li><span class="cmplz-contact-address">CH-SCHWEIZ<br /><br /></span></li>
<li>Website : <span class="cmplz-contact-domain"><a href="https://esprit-cafe.ch/de/">https://esprit-cafe.ch</a></span></li>
<li>E-Mail: info<span class="cmplz-contact-email"><span class="cmplz-obfuscate">@esprit-cafe.ch</span></span></li>
<li><span class="cmplz-contact-telephone">Telefon: +41 32 721 04 00</span></li>
</ul>

<h2 class="wp-block-heading">Zusätzliche Informationen</h2>

<h3 class="wp-block-heading">Wie wir Ihre Daten schützen</h3>
<p>Wir legen großen Wert auf die Sicherheit Ihrer persönlichen Daten. Um die Vertraulichkeit und Integrität dieser Daten zu gewährleisten, haben wir angemessene Sicherheitsmaßnahmen ergriffen, darunter Verschlüsselungsprotokolle und Firewalls.</p>

<h3 class="wp-block-heading">Umgesetzte Verfahren im Falle eines Datenlecks</h3>
<p>Im Falle eines Datenlecks verpflichten wir uns, alle notwendigen Maßnahmen zu ergreifen, um die Situation so schnell wie möglich zu beheben. Dazu gehören die Ermittlung der Ursache des Datenlecks, die Benachrichtigung der zuständigen Behörden und eine transparente Kommunikation mit den betroffenen Personen.</p>

<h3 class="wp-block-heading">Drittdienste, die uns Daten übermitteln</h3>
<p>Wir tauschen oder verkaufen Ihre persönlichen Daten nicht zu kommerziellen Zwecken an Dritte. Es kann jedoch vorkommen, dass wir Dienste von Drittanbietern in Anspruch nehmen, um unsere Website zu verbessern, Daten zu analysieren oder Transaktionen zu erleichtern. Diese Drittanbieter sind verpflichtet, Ihre Daten vertraulich zu behandeln.</p>

<h3 class="wp-block-heading">Automatisiertes Marketing und/oder Profiling, das mithilfe personenbezogener Daten durchgeführt wird</h3>
<p>Ohne Ihre ausdrückliche Zustimmung führen wir kein automatisiertes Marketing oder Profiling durch, das erhebliche Auswirkungen auf Sie haben könnte.</p>

<h3 class="wp-block-heading">Anzeige von Informationen im Zusammenhang mit Sektoren, die spezifischen Regulierungen unterliegen</h3>
<p>Als Verkäufer von Kaffee- und Teeprodukten halten wir uns an alle spezifischen Regulierungen, die in der Schweiz für unsere Branche gelten. Wir verpflichten uns, alle erforderlichen Informationen über unsere Produkte bereitzustellen, einschließlich der Inhaltsstoffe, der Herstellungsverfahren und etwaiger Zertifizierungen.</p>
								</div>
				</div>
					</div>
		</div>
					</div>
		</section>
				</div>

<p>Qui sommes-nous ? Bienvenue sur le site d&#8217;Esprit Café, accessible à l&#8217;adresse https://esprit-cafe.ch. Nous sommes une entreprise basée en Suisse, passionnée par la fourniture de produits de café et de thé, ainsi que de machines et d&#8217;accessoires de qualité. Utilisation des données personnelles collectées Commentaires Lorsque vous laissez un commentaire sur notre site web, nous collectons [&hellip;]</p>
